{"id":1230,"date":"2023-02-09T16:47:12","date_gmt":"2023-02-09T16:47:12","guid":{"rendered":"https:\/\/ayteksanmakina.com.tr\/v1\/?page_id=1230"},"modified":"2023-08-18T13:43:38","modified_gmt":"2023-08-18T13:43:38","slug":"geri-donusum-tesisleri","status":"publish","type":"page","link":"https:\/\/ayteksanmakina.com.tr\/v1\/geri-donusum-tesisleri\/","title":{"rendered":"GER\u0130 D\u00d6N\u00dc\u015e\u00dcM TES\u0130SLER\u0130"},"content":{"rendered":"\t\t<div data-elementor-type=\"wp-page\" data-elementor-id=\"1230\" class=\"elementor elementor-1230\">\n\t\t\t\t\t\t<div class=\"elementor-inner\">\n\t\t\t\t<div class=\"elementor-section-wrap\">\n\t\t\t\t\t\t\t\t\t<section class=\"elementor-section elementor-top-section elementor-element elementor-element-ae05a50 elementor-section-boxed elementor-section-height-default elementor-section-height-default\" data-id=\"ae05a50\" data-element_type=\"section\">\n\t\t\t\t\t\t<div class=\"elementor-container elementor-column-gap-default\">\n\t\t\t\t\t\t\t<div class=\"elementor-row\">\n\t\t\t\t\t<div class=\"elementor-column elementor-col-100 elementor-top-column elementor-element elementor-element-d02bf77\" data-id=\"d02bf77\" data-element_type=\"column\">\n\t\t\t<div class=\"elementor-column-wrap elementor-element-populated\">\n\t\t\t\t\t\t\t<div class=\"elementor-widget-wrap\">\n\t\t\t\t\t\t<div class=\"elementor-element elementor-element-c98a366 elementor-widget elementor-widget-text-editor\" data-id=\"c98a366\" data-element_type=\"widget\" data-widget_type=\"text-editor.default\">\n\t\t\t\t<div class=\"elementor-widget-container\">\n\t\t\t\t\t\t\t\t<div class=\"elementor-text-editor elementor-clearfix\">\n\t\t\t\t<p class=\"p1\">Seramik ve kil fabrikalar\u0131n\u0131n, u\u0308retim prosesinde olu\u015fan hatal\u0131 ve at\u0131k u\u0308ru\u0308nlerin, tekrar i\u015flendikten sonra hammadde i\u00e7erisine belli oranlarda kat\u0131larak bu malzemelerin u\u0308retime geri kazand\u0131r\u0131lmas\u0131 ama\u00e7l\u0131yoruz. Ku\u0308\u00e7u\u0308k veya bu\u0308yu\u0308k \u00f6l\u00e7ekli geri d\u00f6nu\u0308\u015fu\u0308m tesisi \u00e7\u00f6zu\u0308mlerimizle, hem ekonomiye katk\u0131 sa\u011fl\u0131yoruz hem de i\u015fletme ve fabrikalar\u0131 daha \u00e7evreci bir yap\u0131ya kavu\u015fturuyoruz.<\/p>\t\t\t\t\t<\/div>\n\t\t\t\t\t\t<\/div>\n\t\t\t\t<\/div>\n\t\t\t\t\t\t<\/div>\n\t\t\t\t\t<\/div>\n\t\t<\/div>\n\t\t\t\t\t\t\t\t<\/div>\n\t\t\t\t\t<\/div>\n\t\t<\/section>\n\t\t\t\t<section class=\"elementor-section elementor-top-section elementor-element elementor-element-40fdf72 elementor-section-boxed elementor-section-height-default elementor-section-height-default\" data-id=\"40fdf72\" data-element_type=\"section\">\n\t\t\t\t\t\t<div class=\"elementor-container elementor-column-gap-default\">\n\t\t\t\t\t\t\t<div class=\"elementor-row\">\n\t\t\t\t\t<div class=\"elementor-column elementor-col-100 elementor-top-column elementor-element elementor-element-6304af7\" data-id=\"6304af7\" data-element_type=\"column\">\n\t\t\t<div class=\"elementor-column-wrap elementor-element-populated\">\n\t\t\t\t\t\t\t<div class=\"elementor-widget-wrap\">\n\t\t\t\t\t\t<div class=\"elementor-element elementor-element-cfe6446 elementor-widget elementor-widget-image-gallery\" data-id=\"cfe6446\" data-element_type=\"widget\" data-widget_type=\"image-gallery.default\">\n\t\t\t\t<div class=\"elementor-widget-container\">\n\t\t\t\t\t<div class=\"elementor-image-gallery\">\n\t\t\t\n\t\t<style type=\"text\/css\">\n\t\t\t#gallery-1 {\n\t\t\t\tmargin: auto;\n\t\t\t}\n\t\t\t#gallery-1 .gallery-item {\n\t\t\t\tfloat: left;\n\t\t\t\tmargin-top: 10px;\n\t\t\t\ttext-align: center;\n\t\t\t\twidth: 25%;\n\t\t\t}\n\t\t\t#gallery-1 img {\n\t\t\t\tborder: 2px solid #cfcfcf;\n\t\t\t}\n\t\t\t#gallery-1 .gallery-caption {\n\t\t\t\tmargin-left: 0;\n\t\t\t}\n\t\t\t\/* see gallery_shortcode() in wp-includes\/media.php *\/\n\t\t<\/style>\n\t\t<div id='gallery-1' class='gallery galleryid-1230 gallery-columns-4 gallery-size-industing-team-3'><dl class='gallery-item'>\n\t\t\t<dt class='gallery-icon portrait'>\n\t\t\t\t<a data-elementor-open-lightbox=\"yes\" data-elementor-lightbox-slideshow=\"cfe6446\" data-elementor-lightbox-title=\"Ekran-Resmi-2023-05-22-11.46.48\" e-action-hash=\"#elementor-action%3Aaction%3Dlightbox%26settings%3DeyJpZCI6MTY1MSwidXJsIjoiaHR0cHM6XC9cL2F5dGVrc2FubWFraW5hLmNvbS50clwvdjFcL3dwLWNvbnRlbnRcL3VwbG9hZHNcLzIwMTlcLzEyXC9Fa3Jhbi1SZXNtaS0yMDIzLTA1LTIyLTExLjQ2LjQ4LmpwZyIsInNsaWRlc2hvdyI6ImNmZTY0NDYifQ%3D%3D\" href='https:\/\/ayteksanmakina.com.tr\/v1\/wp-content\/uploads\/2019\/12\/Ekran-Resmi-2023-05-22-11.46.48.jpg'><img width=\"570\" height=\"570\" src=\"https:\/\/ayteksanmakina.com.tr\/v1\/wp-content\/uploads\/2019\/12\/Ekran-Resmi-2023-05-22-11.46.48-570x570.jpg\" class=\"attachment-industing-team-3 size-industing-team-3\" alt=\"\" decoding=\"async\" loading=\"lazy\" srcset=\"https:\/\/ayteksanmakina.com.tr\/v1\/wp-content\/uploads\/2019\/12\/Ekran-Resmi-2023-05-22-11.46.48-570x570.jpg 570w, https:\/\/ayteksanmakina.com.tr\/v1\/wp-content\/uploads\/2019\/12\/Ekran-Resmi-2023-05-22-11.46.48-150x150.jpg 150w, https:\/\/ayteksanmakina.com.tr\/v1\/wp-content\/uploads\/2019\/12\/Ekran-Resmi-2023-05-22-11.46.48-100x100.jpg 100w, https:\/\/ayteksanmakina.com.tr\/v1\/wp-content\/uploads\/2019\/12\/Ekran-Resmi-2023-05-22-11.46.48-342x342.jpg 342w\" sizes=\"(max-width: 570px) 100vw, 570px\" \/><\/a>\n\t\t\t<\/dt><\/dl><dl class='gallery-item'>\n\t\t\t<dt class='gallery-icon landscape'>\n\t\t\t\t<a data-elementor-open-lightbox=\"yes\" data-elementor-lightbox-slideshow=\"cfe6446\" data-elementor-lightbox-title=\"Ekran-Resmi-2023-05-24-14.35.50\" e-action-hash=\"#elementor-action%3Aaction%3Dlightbox%26settings%3DeyJpZCI6MTY1MiwidXJsIjoiaHR0cHM6XC9cL2F5dGVrc2FubWFraW5hLmNvbS50clwvdjFcL3dwLWNvbnRlbnRcL3VwbG9hZHNcLzIwMTlcLzEyXC9Fa3Jhbi1SZXNtaS0yMDIzLTA1LTI0LTE0LjM1LjUwLmpwZyIsInNsaWRlc2hvdyI6ImNmZTY0NDYifQ%3D%3D\" href='https:\/\/ayteksanmakina.com.tr\/v1\/wp-content\/uploads\/2019\/12\/Ekran-Resmi-2023-05-24-14.35.50.jpg'><img width=\"570\" height=\"570\" src=\"https:\/\/ayteksanmakina.com.tr\/v1\/wp-content\/uploads\/2019\/12\/Ekran-Resmi-2023-05-24-14.35.50-570x570.jpg\" class=\"attachment-industing-team-3 size-industing-team-3\" alt=\"\" decoding=\"async\" loading=\"lazy\" srcset=\"https:\/\/ayteksanmakina.com.tr\/v1\/wp-content\/uploads\/2019\/12\/Ekran-Resmi-2023-05-24-14.35.50-570x570.jpg 570w, https:\/\/ayteksanmakina.com.tr\/v1\/wp-content\/uploads\/2019\/12\/Ekran-Resmi-2023-05-24-14.35.50-150x150.jpg 150w, https:\/\/ayteksanmakina.com.tr\/v1\/wp-content\/uploads\/2019\/12\/Ekran-Resmi-2023-05-24-14.35.50-100x100.jpg 100w, https:\/\/ayteksanmakina.com.tr\/v1\/wp-content\/uploads\/2019\/12\/Ekran-Resmi-2023-05-24-14.35.50-342x342.jpg 342w\" sizes=\"(max-width: 570px) 100vw, 570px\" \/><\/a>\n\t\t\t<\/dt><\/dl><dl class='gallery-item'>\n\t\t\t<dt class='gallery-icon landscape'>\n\t\t\t\t<a data-elementor-open-lightbox=\"yes\" data-elementor-lightbox-slideshow=\"cfe6446\" data-elementor-lightbox-title=\"Ekran-Resmi-2023-05-24-14.35.54\" e-action-hash=\"#elementor-action%3Aaction%3Dlightbox%26settings%3DeyJpZCI6MTY1MywidXJsIjoiaHR0cHM6XC9cL2F5dGVrc2FubWFraW5hLmNvbS50clwvdjFcL3dwLWNvbnRlbnRcL3VwbG9hZHNcLzIwMTlcLzEyXC9Fa3Jhbi1SZXNtaS0yMDIzLTA1LTI0LTE0LjM1LjU0LmpwZyIsInNsaWRlc2hvdyI6ImNmZTY0NDYifQ%3D%3D\" href='https:\/\/ayteksanmakina.com.tr\/v1\/wp-content\/uploads\/2019\/12\/Ekran-Resmi-2023-05-24-14.35.54.jpg'><img width=\"570\" height=\"570\" src=\"https:\/\/ayteksanmakina.com.tr\/v1\/wp-content\/uploads\/2019\/12\/Ekran-Resmi-2023-05-24-14.35.54-570x570.jpg\" class=\"attachment-industing-team-3 size-industing-team-3\" alt=\"\" decoding=\"async\" loading=\"lazy\" srcset=\"https:\/\/ayteksanmakina.com.tr\/v1\/wp-content\/uploads\/2019\/12\/Ekran-Resmi-2023-05-24-14.35.54-570x570.jpg 570w, https:\/\/ayteksanmakina.com.tr\/v1\/wp-content\/uploads\/2019\/12\/Ekran-Resmi-2023-05-24-14.35.54-150x150.jpg 150w, https:\/\/ayteksanmakina.com.tr\/v1\/wp-content\/uploads\/2019\/12\/Ekran-Resmi-2023-05-24-14.35.54-100x100.jpg 100w, https:\/\/ayteksanmakina.com.tr\/v1\/wp-content\/uploads\/2019\/12\/Ekran-Resmi-2023-05-24-14.35.54-342x342.jpg 342w\" sizes=\"(max-width: 570px) 100vw, 570px\" \/><\/a>\n\t\t\t<\/dt><\/dl><dl class='gallery-item'>\n\t\t\t<dt class='gallery-icon landscape'>\n\t\t\t\t<a data-elementor-open-lightbox=\"yes\" data-elementor-lightbox-slideshow=\"cfe6446\" data-elementor-lightbox-title=\"Ekran-Resmi-2023-05-24-14.35.58\" e-action-hash=\"#elementor-action%3Aaction%3Dlightbox%26settings%3DeyJpZCI6MTY1NCwidXJsIjoiaHR0cHM6XC9cL2F5dGVrc2FubWFraW5hLmNvbS50clwvdjFcL3dwLWNvbnRlbnRcL3VwbG9hZHNcLzIwMTlcLzEyXC9Fa3Jhbi1SZXNtaS0yMDIzLTA1LTI0LTE0LjM1LjU4LmpwZyIsInNsaWRlc2hvdyI6ImNmZTY0NDYifQ%3D%3D\" href='https:\/\/ayteksanmakina.com.tr\/v1\/wp-content\/uploads\/2019\/12\/Ekran-Resmi-2023-05-24-14.35.58.jpg'><img width=\"570\" height=\"570\" src=\"https:\/\/ayteksanmakina.com.tr\/v1\/wp-content\/uploads\/2019\/12\/Ekran-Resmi-2023-05-24-14.35.58-570x570.jpg\" class=\"attachment-industing-team-3 size-industing-team-3\" alt=\"\" decoding=\"async\" loading=\"lazy\" srcset=\"https:\/\/ayteksanmakina.com.tr\/v1\/wp-content\/uploads\/2019\/12\/Ekran-Resmi-2023-05-24-14.35.58-570x570.jpg 570w, https:\/\/ayteksanmakina.com.tr\/v1\/wp-content\/uploads\/2019\/12\/Ekran-Resmi-2023-05-24-14.35.58-150x150.jpg 150w, https:\/\/ayteksanmakina.com.tr\/v1\/wp-content\/uploads\/2019\/12\/Ekran-Resmi-2023-05-24-14.35.58-100x100.jpg 100w, https:\/\/ayteksanmakina.com.tr\/v1\/wp-content\/uploads\/2019\/12\/Ekran-Resmi-2023-05-24-14.35.58-342x342.jpg 342w\" sizes=\"(max-width: 570px) 100vw, 570px\" \/><\/a>\n\t\t\t<\/dt><\/dl><br style=\"clear: both\" \/>\n\t\t<\/div>\n\t\t<\/div>\n\t\t\t\t<\/div>\n\t\t\t\t<\/div>\n\t\t\t\t\t\t<\/div>\n\t\t\t\t\t<\/div>\n\t\t<\/div>\n\t\t\t\t\t\t\t\t<\/div>\n\t\t\t\t\t<\/div>\n\t\t<\/section>\n\t\t\t\t\t\t\t\t\t<\/div>\n\t\t\t<\/div>\n\t\t\t\t\t<\/div>\n\t\t","protected":false},"excerpt":{"rendered":"<p>Seramik ve kil fabrikalar\u0131n\u0131n, u\u0308retim prosesinde olu\u015fan hatal\u0131 ve at\u0131k u\u0308ru\u0308nlerin, tekrar i\u015flendikten sonra hammadde i\u00e7erisine belli oranlarda kat\u0131larak bu malzemelerin u\u0308retime geri kazand\u0131r\u0131lmas\u0131 ama\u00e7l\u0131yoruz. Ku\u0308\u00e7u\u0308k veya bu\u0308yu\u0308k \u00f6l\u00e7ekli geri d\u00f6nu\u0308\u015fu\u0308m tesisi \u00e7\u00f6zu\u0308mlerimizle, hem ekonomiye katk\u0131 sa\u011fl\u0131yoruz hem de i\u015fletme ve fabrikalar\u0131 daha \u00e7evreci bir yap\u0131ya kavu\u015fturuyoruz.<\/p>\n","protected":false},"author":1,"featured_media":0,"parent":0,"menu_order":0,"comment_status":"closed","ping_status":"closed","template":"","meta":{"footnotes":"","_joinchat":[]},"_links":{"self":[{"href":"https:\/\/ayteksanmakina.com.tr\/v1\/wp-json\/wp\/v2\/pages\/1230"}],"collection":[{"href":"https:\/\/ayteksanmakina.com.tr\/v1\/wp-json\/wp\/v2\/pages"}],"about":[{"href":"https:\/\/ayteksanmakina.com.tr\/v1\/wp-json\/wp\/v2\/types\/page"}],"author":[{"embeddable":true,"href":"https:\/\/ayteksanmakina.com.tr\/v1\/wp-json\/wp\/v2\/users\/1"}],"replies":[{"embeddable":true,"href":"https:\/\/ayteksanmakina.com.tr\/v1\/wp-json\/wp\/v2\/comments?post=1230"}],"version-history":[{"count":20,"href":"https:\/\/ayteksanmakina.com.tr\/v1\/wp-json\/wp\/v2\/pages\/1230\/revisions"}],"predecessor-version":[{"id":2135,"href":"https:\/\/ayteksanmakina.com.tr\/v1\/wp-json\/wp\/v2\/pages\/1230\/revisions\/2135"}],"wp:attachment":[{"href":"https:\/\/ayteksanmakina.com.tr\/v1\/wp-json\/wp\/v2\/media?parent=1230"}],"curies":[{"name":"wp","href":"https:\/\/api.w.org\/{rel}","templated":true}]}}